3, 391231
List the prime factors of 3222689508.
2, 3, 179, 500107
What are the prime factors of 473666317?
41, 11552837
List the prime factors of 5219556600.
2, 3, 5, 53, 151, 1087
What are the prime factors of 115928307?
3, 11, 73, 5347
List the prime factors of 464263669.
337, 1377637
List the prime factors of 625525249.
263, 2378423
List the prime factors of 1561466534.
2, 780733267
List the prime factors of 1841051249.
41, 881, 50969
List the prime factors of 89533029.
3, 29844343
List the prime factors of 576813281.
11, 17, 47, 65629
What are the prime factors of 77240390?
2, 5, 7724039
What are the prime factors of 155503510?
2, 5, 29, 536219
List the prime factors of 45828196.
2, 43, 47, 5669
What are the prime factors of 1491586574?
2, 1187, 628301
List the prime factors of 578008723.
6863, 84221
List the prime factors of 63428856.
2, 3, 2642869
List the prime factors of 650063676.
2, 3, 31, 1747483
What are the prime factors of 1060351036?
2, 9461, 28019
List the prime factors of 356785125.
3, 5, 951427
What are the prime factors of 81388483?
11, 7398953
What are the prime factors of 28555984?
2, 83, 21503
What are the prime factors of 705400943?
13, 54261611
List the prime factors of 32675109.
3, 10891703
What are the prime factors of 122555441?
122555441
What are the prime factors of 64038010?
2, 5, 59, 311, 349
List the prime factors of 59738070.
2, 3, 5, 7, 284467
What are the prime factors of 1151780970?
2, 3, 5, 1217, 31547
List the prime factors of 4058224040.
2, 5, 13, 29, 127, 163
What are the prime factors of 2552368779?
3, 94532177
What are the prime factors of 1272016968?
2, 3, 53000707
What are the prime factors of 2397866181?
3, 41, 157, 124171
What are the prime factors of 19775800?
2, 5, 11, 89, 101
What are the prime factors of 2703821919?
3, 901273973
What are the prime factors of 121374936?
2, 3, 97, 1931
List the prime factors of 6478958686.
2, 241, 13441823
What are the prime factors of 2651512063?
2651512063
List the prime factors of 49491324.
2, 3, 59, 863
What are the prime factors of 422077252?
2, 29, 1093, 3329
What are the prime factors of 211957021?
479, 442499
What are the prime factors of 2383964363?
11, 61, 3552853
List the prime factors of 5032307111.
13, 19, 20373713
What are the prime factors of 208269844?
2, 2837, 18353
List the prime factors of 1381867185.
3, 5, 17, 739, 7333
List the prime factors of 3450749788.
2, 29, 29747843
What are the prime factors of 2253296898?
2, 3, 125183161
What are the prime factors of 306875261?
7, 11, 3985393
What are the prime factors of 122733945?
3, 5, 29, 94049
List the prime factors of 1315100906.
2, 7, 43, 521, 599
List the prime factors of 661352344.
2, 82669043
List the prime factors of 519809285.
5, 241, 431377
What are the prime factors of 216194408?
2, 59, 458039
What are the prime factors of 58879636?
2, 17, 865877
What are the prime factors of 8067708?
2, 3, 11, 6791
What are the prime factors of 32753239?
32753239
List the prime factors of 4772151783.
3, 7, 75748441
List the prime factors of 30375456.
2, 3, 23, 13757
List the prime factors of 212147.
13, 16319
What are the prime factors of 31355380?
2, 5, 7, 29, 7723
What are the prime factors of 7041079924?
2, 17, 359, 288427
What are the prime factors of 3382491265?
5, 821, 823993
What are the prime factors of 253832188?
2, 63458047
List the prime factors of 202778328.
2, 3, 8449097
List the prime factors of 29970229.
211, 142039
List the prime factors of 623693463.
3, 61, 3408161
List the prime factors of 212395643.
8011, 26513
What are the prime factors of 179278875?
3, 5, 37, 59, 73
List the prime factors of 401293613.
7, 89, 644131
What are the prime factors of 349866691?
271, 1291021
List the prime factors of 29187783.
3, 37, 9739
List the prime factors of 146169994.
2, 691, 105767
List the prime factors of 4649900.
2, 5, 46499
List the prime factors of 55578663.
3, 7, 294067
What are the prime factors of 3117156099?
3, 191, 199, 27337
List the prime factors of 241284161.
193, 1250177
What are the prime factors of 72908724?
2, 3, 7, 283, 3067
What are the prime factors of 176694778?
2, 13, 6795953
What are the prime factors of 60780308?
2, 15195077
List the prime factors of 260212930.
2, 5, 26021293
What are the prime factors of 2623187774?
2, 263, 953, 5233
List the prime factors of 220474538.
2, 89, 1238621
What are the prime factors of 11364341?
43, 127, 2081
What are the prime factors of 1703207566?
2, 5209, 163487
List the prime factors of 1582614814.
2, 11, 71937037
List the prime factors of 613150375.
5, 53, 92551
List the prime factors of 118947306.
2, 3, 23, 861937
List the prime factors of 42419728.
2, 13, 23, 8867
List the prime factors of 915344720.
2, 5, 11441809
List the prime factors of 1110749281.
17, 23, 59, 89, 541
What are the prime factors of 75782995?
5, 15156599
What are the prime factors of 171375762?
2, 3, 28562627
What are the prime factors of 339815931?
3, 7, 13, 19, 191
What are the prime factors of 41636335?
5, 13, 181, 3539
List the prime factors of 36972081.
3, 19, 216211
List the prime factors of 1386082902.
2, 3, 23, 83, 121013
What are the prime factors of 105113811?
3, 11, 3185267
List the prime factors of 66879186.
2, 3, 11, 1013321
What are the prime factors of 82596871?
7, 11799553
What are the prime factors of 37877665?
5, 7, 23, 211, 223
What are the prime factors of 284599036?
2, 1327, 53617
What are the prime factors of 425612844?
2, 3, 19, 622241
What are the prime factors of 5753023553?
2731, 2106563
What are the prime factors of 483875344?
2, 37, 817357
List the prime factors of 164303131.
31, 170971
What are the prime factors of 37060571?
37060571
What are the prime factors of 50900154?
2, 3, 47, 180497
List the prime factors of 5891543.
7, 613, 1373
What are the prime factors of 518903816?
2, 179, 362363
List the prime factors of 162505573.
4759, 34147
List the prime factors of 101023915.
5, 47, 429889
What are the prime factors of 1377584972?
2, 344396243
List the prime factors of 135617574.
2, 3, 139, 162611
List the prime factors of 1000068364.
2, 29, 2647, 3257
List the prime factors of 6761074.
2, 19, 181, 983
What are the prime factors of 8093562694?
2, 7, 193, 2995397
List the prime factors of 1713197420.
2, 5, 11, 191, 40771
What are the prime factors of 81404872?
2, 311, 32719
List the prime factors of 5479736672.
2, 171241771
List the prime factors of 1935458120.
2, 5, 47, 1029499
List the prime factors of 5319924531.
3, 1773308177
List the prime factors of 88168755.
3, 5, 5877917
What are the prime factors of 37470066?
2, 3, 6245011
List the prime factors of 5058564.
2, 3, 7, 1229
List the prime factors of 2054155686.
2, 3, 11, 31123571
List the prime factors of 3683550740.
2, 5, 23, 47, 347, 491
What are the prime factors of 20172741?
3, 6724247
List the prime factors of 8483049.
3, 104729
What are the prime factors of 913148911?
19, 48060469
What are the prime factors of 55187157?
3, 1367, 13457
What are the prime factors of 720320919?
3, 47, 5108659
What are the prime factors of 2903533890?
2, 3, 5, 96784463
List the prime factors of 556481303.
7, 577, 137777
What are the prime factors of 66875598?
2, 3, 1238437
What are the prime factors of 73769921?
73769921
What are the prime factors of 408378653?
101, 4043353
What are the prime factors of 326677331?
1123, 290897
List the prime factors of 11719299.
3, 3906433
What are the prime factors of 76604737?
11, 17, 167, 223
What are the prime factors of 746045732?
2, 283, 353, 1867
List the prime factors of 1347284603.
7, 192469229
List the prime factors of 7986915705.
3, 5, 532461047
List the prime factors of 100395665.
5, 283, 70951
What are the prime factors of 4327657976?
2, 540957247
What are the prime factors of 45885138?
2, 3, 13, 23, 25577
What are the prime factors of 672953996?
2, 11, 13, 821, 1433
List the prime factors of 2912920695.
3, 5, 157, 412303
List the prime factors of 26303439.
3, 59, 173, 859
List the prime factors of 44269826.
2, 2591, 8543
What are the prime factors of 57618271?
57618271
List the prime factors of 248450.
2, 5, 4969
What are the prime factors of 106530447?
3, 997, 35617
What are the prime factors of 2301342196?
2, 3851, 149399
List the prime factors 